uppose -69 = -d*k - k. What is the tens digit of k?
2
Let x(a) = a - 1. Let p(o) = 0 - 1 - 1 - 6*o - 4. Let g(f) = -p(f) + 3*x(f). What is the tens digit of g(6)?
5
Let o(k) = 41*k**2 + k + 19. What is the tens digit of o(-5)?
3
Let z(y) = y**3 + 9*y**2 - 6*y - 9. Let l be z(-4). Suppose -47*k + l = -42*k. What is the units digit of k?
9
Suppose -16*x - 358 = -18*x. Let j = 140 + x. What is the tens digit of j?
1
Let c(q) = -33*q. Let j(y) = -33*y - 1. Let f(g) = -5*c(g) + 4*j(g). What is the tens digit of f(2)?
6
Let a(b) = -2*b**2 - 3*b + 4. Let k(d) = d**2 + 4*d - 3. Let o(z) = -2*a(z) - 3*k(z). Let r be 0/2 + 9/1. What is the tens digit of o(r)?
2
Suppose 4*b + w - 11323 = 121, -2*w = -3*b + 8594. What is the hundreds digit of b?
8
Let c = -114 + 77. Let v = -55 - c. Let a = v - -23. What is the units digit of a?
5
Let d(a) = -4*a**2 + a + 1. Let w(r) = -16*r**2 + 4*r + 5. Let g(o) = 9*d(o) - 2*w(o). Let y be g(1). What is the tens digit of (10 + y)*7/2?
2
Suppose 0 = 4*y + 151 + 81. Let n = y - -12. Let d = n - -88. What is the units digit of d?
2
Let s = -178 - 113. Let u = s - -441. What is the hundreds digit of u?
1
Let j = -1474 + 2349. What is the hundreds digit of j?
8
Let r = -2967 - -5072. What is the thousands digit of r?
2
Let o be 1935/30 + (-1)/(-2). What is the tens digit of (-6)/(-30)*8*o/2?
5
Let i be 0 - -26*2/4. What is the tens digit of i/(8/12 - 11/21)?
9
Let c(a) = 7*a**3 - a**2 + 5*a - 5. Let i be c(2). Suppose 2*v - 4*s = i + 11, -155 = -5*v - 5*s. What is the units digit of v?
2
Let x = -29 + 39. Suppose -x*r + 7*r + 192 = 0. What is the tens digit of r?
6
Let o(p) be the second derivative of p**4/12 - p**3/6 + 17*p**2/2 + 11*p. What is the units digit of o(7)?
9
What is the hundreds digit of (-1 - (-187)/4)/((-51)/(-272))?
2
Let u = -34 + 67. Suppose 2*v - 39 = u. What is the tens digit of v?
3
Suppose 10*w - 23*w = -3822. What is the tens digit of w?
9
Suppose 24 = 5*t - 2*y, -2*t + 2*y = -0*t - 6. Suppose 2*k - 288 = t*k. Let m = 112 + k. What is the tens digit of m?
4
What is the thousands digit of ((-36)/(-42))/(7/14161)?
1
Suppose 2*t - 3*a - 4305 = 0, 3*t - 5*a - 10770 = -2*t. What is the hundreds digit of t?
1
Let l = -160 - -303. Suppose 5*w + l = 488. What is the units digit of w?
9
Suppose 5*i - 8 = 7. Suppose -2*k = -4*n + 13 + 7, 5*n + 3*k - 14 = 0. Suppose -3*t + 13 = -n*l - 47, -i*t + 87 = 5*l. What is the units digit of t?
4
Let f(u) = -u**2 + 15*u + 12. Let b be f(11). Suppose 0 = 3*v - 4*v + b. What is the tens digit of v?
5
Let f be -6*(0 - (-2)/6). Let i = f - -7. Suppose -i*x = -131 - 119. What is the units digit of x?
0
Let l(u) = 14*u**2 - 7*u + 11. What is the hundreds digit of l(3)?
1
Let b be (130 + -1)*(-2 + 1/3). What is the tens digit of b/(-7) - (-6)/21?
3
Suppose 2*u + 32 - 10 = -2*y, 3*u - y = -33. Let b(h) = -18*h. Let g be b(-1). Let t = g + u. What is the units digit of t?
7
Let m be (4/7)/((-4)/(-28)). Let v = -42 - -105. Suppose -m*w + w = -v. What is the units digit of w?
1
Let l(p) = -2*p**3 - p - 1. Let x be l(-1). Suppose -x*i + 4*i = 90. Suppose 3*z = -2*r + 47, 3*r = -3*z - 0*z + i. What is the units digit of z?
7
Let w(p) = -p**3 - 8*p**2 - 8*p + 1. Let y be w(-7). Suppose y*o = 11*o - 111. Suppose h = 2*h - o. What is the tens digit of h?
3
Let a be (-4 - 343/(-21))/(1/21). Suppose 11*b - 18*b = -a. What is the tens digit of b?
3
Let v be ((-16)/(2 - 4))/1. What is the units digit of (150/v)/((-33)/(-24) - 1)?
0
Suppose -73*r + 61*r + 5016 = 0. What is the units digit of r?
8
Let d(n) = n**3 + 3*n**2 - 6*n - 4. Let h be d(-4). Suppose 5*b - 35 = h*o, 2*b - o - 2 = 3*b. Suppose -b*f - 8 = -101. What is the tens digit of f?
3
Suppose -z + 5 = 0, 2*g - 246 = z - 15. What is the hundreds digit of g?
1
Let j(i) = -12*i + 1 - 4 + 3 - 2. Suppose -2*k - 25 = 3*k + b, 0 = 5*k + 5*b + 25. What is the units digit of j(k)?
8
What is the units digit of 9/(-45) + 26646/30?
8
Let q(n) = 3*n**2 - 10*n - 25. What is the units digit of q(-10)?
5
Let q be -4 + (-1 - -60) + 0. Let d be (-5 - -6) + 1 + -684. What is the units digit of (d/q)/((-4)/10)?
1
Suppose 3*r + 3*l = 21, 10 = -r + 3*l + 29. What is the hundreds digit of (-1 - 425/r)/(3/(-8))?
1
Let j(o) = 20*o - 4*o - 2 + 0. What is the tens digit of j(2)?
3
Suppose -639 = -7*k + 2014. Suppose -k - 69 = -4*b. What is the hundreds digit of b?
1
Let d = -632 - -3349. What is the tens digit of d?
1
What is the units digit of (91 - 92)*(-1626 + -1)?
7
Suppose 31*z - 29*z = -w + 1274, 5*w - 6392 = z. What is the thousands digit of w?
1
Suppose 3*m + 1 = 10. Suppose 0 = i - m - 0. What is the tens digit of ((-8)/i - -3)*57?
1
Suppose 0 = g - 11 + 5. Suppose -3*m = u - g*u + 20, -2*u - m = 3. Let l(o) = o**3. What is the units digit of l(u)?
1
Let y = 7109 - 5022. What is the hundreds digit of y?
0
Let w be ((-40)/(-28))/(3/21). Let x(b) = -b**3 + 10*b**2 + 3*b - 6. Let l be x(w). Suppose y - 18 = l. What is the units digit of y?
2
Suppose 0 = -4*z + 8*z - 1244. What is the tens digit of z?
1
Let w(t) = t**3 - 6*t**2 - 7*t + 3. Suppose 5*r - 35 = -0*r. Let h be w(r). Let a(v) = -v**2 + 7*v - 2. What is the units digit of a(h)?
0
Suppose -4*q + 4421 = -4*h + 257, q - 1045 = 2*h. What is the units digit of q?
7
Let s be 0/((-2)/(-3 - -1 - -3)). Suppose -2*l + 5*o + 458 = s, 1079 = -4*l + 9*l + 4*o. What is the tens digit of l?
1
What is the hundreds digit of (-643 - (-2)/2)/(-1)?
6
Suppose 2*z = -n - 0*n + 1349, -4*n + 2011 = 3*z. What is the hundreds digit of z?
6
What is the hundreds digit of 4/54 + 157184/864?
1
Let r(v) = -19*v + 43. Let y be r(-16). Suppose 4*j = 3*m + 453, 3*j - m - y + 6 = 0. What is the units digit of j?
4
Let y(l) = -l**3 + 6*l**2 - l - 7. Let j be y(5). Suppose 3*d = j + 56. What is the units digit of d?
3
Suppose -m - 15 = 2*m, -5*m - 6209 = -4*b. What is the tens digit of b?
4
Suppose 4*p + 7 = -1. Let j be p/((16/146)/(-4)). Let a = j - 40. What is the units digit of a?
3
Suppose -25 = -5*u - 0*u. Suppose 7*q + 805 - 826 = 0. Suppose -q*h + 13 = r, -12 - 3 = -u*h - 3*r. What is the units digit of h?
6
Let j(w) = -3 + 1 - 11 + 5*w. What is the units digit of j(5)?
2
Suppose 2*t + 468 = -7*t. Suppose 7*p + 115 = 2*p. Let b = p - t. What is the tens digit of b?
2
Let a = 6960 - 4617. What is the thousands digit of a?
2
Let p(z) = -z**3 - 7*z**2 - 8*z - 12. Suppose -24 = -3*a + 3*l + l, 3*l + 9 = 0. Suppose -a*r + 21 = -7*r. What is the tens digit of p(r)?
4
Suppose 0 = -2*y + 142 + 42. Let r = -45 + 48. Suppose r*i = q - 19, -4*q + 3*i + y = -i. What is the units digit of q?
5
Suppose 0 = 3*m - 7*m + 16. What is the units digit of (4*-1)/(m/(-16))?
6
Suppose 5*z - 6 = 4. Suppose 51 = z*q - 29. What is the tens digit of q?
4
Let f = 63 + -5. Let n = f - -1. What is the units digit of n?
9
Suppose 0 = -g - 1 + 5. Let r(b) = 2*b**2 - 5*b. Let y be r(g). What is the units digit of ((-8)/y)/((-1)/33)?
2
Let t be 30/10 - (1 - -6). Let d be (24 + t - 3) + -2. Let h = d - 12. What is the units digit of h?
3
Suppose 0 = t - 4 - 2. Let l be (13 - 12)*(t - 1). Suppose -l*n = 5*o - 20, -2*n - 2*n = 3*o - 13. What is the units digit of n?
1
What is the units digit of 27/(-72) - (-36790)/16?
9
Let u = -67 + -1. Let x = u - -149. Suppose 3*o - x = 72. What is the units digit of o?
1
Let a(i) = i**3 - 19*i**2 - 19*i - 50. Let g be a(21). Suppose -g + 23 = -5*o. What is the tens digit of o?
8
Let m = 2550 + -1673. What is the hundreds digit of m?
8
Let o(z) = 211*z - 1411. What is the thousands digit of o(22)?
3
Let n = 35 - 32. Suppose -2 = r - n. What is the units digit of r?
1
Suppose 4*y = 5*t - 1161 - 260, -4*t + 5*y = -1144. What is the tens digit of t?
8
Suppose -2880 = -4*f - 3*k - 2*k, 0 = 5*f - k - 3600. What is the hundreds digit of f?
7
Let v = -1622 + 2898. What is the tens digit of v?
7
Let q = -35 - 96. Let v = q + 204. What is the units digit of v?
3
Let c(j) = 5*j**2 + 13*j + j**3 - 36 + 24 - 14*j**2. Let a be ((-16)/6)/(3/(-9)). What is the tens digit of c(a)?
2
Let z = 2035 - 1207. What is the tens digit of z?
2
Suppose 0 = 13*o - 15*o + 42. Let j = o - 18. Suppose 0 = q - j*q + 64. What is the units digit of q?
2
Suppose 15*j - 60 = 5*j. Suppose j*z - 1120 = 632. What is the tens digit of z?
9
Suppose p - 8 = -